a(q) be the third derivative of q**5/4 + q**4/8 - q**3 - 7*q**2. Let j(v) be the first derivative of a(v). List the prime factors of j(3).
3, 31
Suppose -34 = -b - 30. Suppose b*j = -3*h + 3*j - 161, -2*j = 2*h + 106. Let z = h - -89. List the prime factors of z.
5, 7
Let w(f) be the second derivative of -f**3/6 + 11*f**2 - 4*f. Let x be w(-8). Suppose -2*j - 4*n = -114, -x + 251 = 4*j + n. What are the prime factors of j?
5, 11
Let m be (262 - 12)/(3 - (-2 - -4)). Suppose v = a + m, -v = -5*v - 4*a + 960. What are the prime factors of v?
5, 7
What are the prime factors of (-3 - 27/(-6))/((-27)/(-175806))?
9767
Let r(v) be the third derivative of -v**6/120 - v**5/30 - v**4/12 - v**3/6 + v**2. Let j(b) = -2*b**2 + 4*b + 1. Let f be j(3). List the prime factors of r(f).
2, 3, 7
Suppose 9*h - 104416 = -h - 3*h. List the prime factors of h.
2, 251
Let j = 934 + -1021. Let w = j + 527. List the prime factors of w.
2, 5, 11
Suppose -p + 15 - 114 = -5*v, 0 = -v - 3*p + 23. Suppose -25*d + 1980 = -v*d. List the prime factors of d.
2, 3, 11
Suppose h = 2*l + 727, 2*h + 0*l - 2*l - 1454 = 0. Let o = h + -17. List the prime factors of o.
2, 5, 71
Suppose 0 = p - 4, -4*d + 4*p = 5*p + 20. Let o be (-536)/d + (-44)/(-66). Let l = o - -47. List the prime factors of l.
137
Let y(p) = -22*p - 229. Let u be y(0). Let k = u + 793. What are the prime factors of k?
2, 3, 47
Let q(g) = 2*g**2 + 3*g - 2. Let r be q(1). Suppose 2*j + 2*w = 6, 5*w = -3*j + 4*w + r. Let a = 62 + j. List the prime factors of a.
2, 31
Suppose 52*f - 267300 + 163175 = 517743. What are the prime factors of f?
11959
Let y = 28626 + -13811. What are the prime factors of y?
5, 2963
Suppose -d = -5*r + 6559, r + 2621 = 3*r - 3*d. Let s = r + -334. Suppose -s = -2*x - 4*x. List the prime factors of x.
163
Let x be (38/(-24)*-3)/((-5)/220). Let s = -15 - x. List the prime factors of s.
2, 97
Let s be 2/3*1200/10. List the prime factors of 233*2*40/s.
233
Let g = -96 + 161. Let w = g + -150. Let t = -36 - w. List the prime factors of t.
7
Let d(n) = 124*n + 818. What are the prime factors of d(41)?
2, 13, 227
Suppose 4*a = 58 - 18. Let k = -451 + 493. List the prime factors of 254/a + k/70.
2, 13
Let j(s) = -s**3 - 5*s - 10*s + 0*s + 5 + 5*s + 10*s**2. Let d be j(8). List the prime factors of 0 - (-2 - d) - 2.
53
Suppose 0 = -715*j + 803*j - 1918928. List the prime factors of j.
2, 10903
Let y(x) = -10*x**3 - 12*x**2 - 15*x - 1. Let h be y(-5). Let g = h - 655. What are the prime factors of g?
3, 41
Let a be (6 - 26)/((-2)/(-4)). Let k be 0 - a/(6 - 2). Let q = 71 - k. List the prime factors of q.
61
Let r = 68 + -40. Let x = r + -91. What are the prime factors of 1 + (4/(-14) - 5751/x)?
2, 23
What are the prime factors of ((-3435292)/595)/((-1)/5)?
2, 7, 1031
Let a be 3/((1/(-30))/((-25)/225)). Let l(c) = 79*c + 215. List the prime factors of l(a).
3, 5, 67
Let s(g) = g**3 - 19*g**2 + 5*g - 66. Let d be 3 + (12 - 0) + 5. What are the prime factors of s(d)?
2, 7, 31
Let c = 77 - 79. List the prime factors of ((-247)/65)/(c/20).
2, 19
Suppose -3504 = 25*u - u. Let o = -17 - u. List the prime factors of o.
3, 43
Suppose -j = 3*j - 16. Suppose y = -2*a - j, 2*y - 4 = 3*y. What are the prime factors of (-198 - 8)/(a + -2)?
103
Let c(p) be the second derivative of 3*p**5/40 - 9*p**4/8 + 11*p**3/6 - 18*p. Let q(i) be the second derivative of c(i). What are the prime factors of q(10)?
3, 7
Suppose 15134 = 2*a - p, -3*a - 5739 + 28440 = -3*p. Suppose -3779 = 6*q - 8*q - f, 4*q - a = -5*f. What are the prime factors of q?
2, 59
Let a(y) = 72*y**3 - 12*y**2 - 9*y + 10. List the prime factors of a(4).
2, 5, 439
List the prime factors of 8 - ((-4)/6 - 3382300/75).
2, 19, 1187
Let z be 1 + 948/4*1/3. List the prime factors of (10/(z/12328))/1.
23, 67
Suppose -t + 6*t + 2080 = -y, 2*t + 2*y + 832 = 0. Let f = 22 - t. List the prime factors of f.
2, 3, 73
Suppose -5*p - 505 = -5*z, 3*p = 6*z - 2*z - 301. Let w = p - -117. Let q(d) = d**2 - 14*d + 16. What are the prime factors of q(w)?
2
Let g = 31940 + -28865. What are the prime factors of g?
3, 5, 41
Let a(l) = 8*l**2 + l + 2. Let d be a(-1). Suppose f - d = b, b + 3 = -0*b. Suppose 0 = -4*q + 3*z + 27, f*z - z = -2*q + 33. List the prime factors of q.
3
Suppose 4*d + c - 32289 = 0, -42*c = -4*d - 37*c + 32307. What are the prime factors of d?
3, 13, 23
Suppose -2*d - 184 = 332. Let s = d + 299. What are the prime factors of s?
41
Suppose n = -0 + 1. Let y be (3 + -12 + 8)*-3. Suppose -z + y + n = 0, 0 = c - 3*z - 31. List the prime factors of c.
43
List the prime factors of 2/((-14)/(-77364)*6/4).
2, 3, 307
Suppose -3*u + 9*u - 18 = 0. Suppose -3*y - 143 = -2*k, 5*k - u*y - y = 361. What are the prime factors of k?
73
Let b be (-6)/(-4) - 18/(-4). Suppose -x + 435 = 4*x - a, 3*a = 2*x - 187. List the prime factors of b/(-10) - (-44)/40*x.
2, 47
Let u(p) = -p**3 - 5*p**2 - 7*p - 6. Let q(d) = 3*d + 26. Let c be q(-7). Suppose 0 = 3*i + a + 10 - 0, c*a = -2*i + 15. List the prime factors of u(i).
29
Let l = -50 + 80. Suppose 17*d - l = 11*d. Suppose d*r - 143 = 182. What are the prime factors of r?
5, 13
Let z be (-56)/9 - (-10)/45. Let p(k) = k**2 - 4*k - 13. Let y be p(z). Suppose 0 = -4*l + 13 + y. List the prime factors of l.
3, 5
What are the prime factors of ((-3210)/12 - -21)*-88?
2, 11, 17, 29
Let i(a) = -9*a - 130. Let j be i(-15). Suppose 37*p - 32*p - 2*r = 8876, p - 1786 = -j*r. List the prime factors of p.
2, 3, 37
Suppose 2*l = -2*f + 5752, f - 14404 = -5*l + 2*f. Suppose 9*w = 4*w + l. Suppose -j - 2*m = -123, -5*j + 4*m = m - w. List the prime factors of j.
3, 13
Let v = 205 - -76. Suppose 284*l = v*l + 2262. List the prime factors of l.
2, 13, 29
Suppose -2*s + p = 91, -p + 28 = -s + 3*p. Let f = s + 52. Suppose -3*v = 2*v, 308 = f*x - 5*v. What are the prime factors of x?
7, 11
Suppose 18*y = -1459 + 8605. Suppose y*j + 11648 = 405*j. What are the prime factors of j?
2, 7, 13
List the prime factors of (-124383)/(-30) - (-17 + (-1710)/(-100)).
2, 3, 691
Let o = -41 + 41. Let v(t) = o*t - 13*t + 2 - 15*t**3 + 15*t - t + t**2. What are the prime factors of v(-2)?
2, 31
Suppose 577590 = -1151*z + 1216*z. What are the prime factors of z?
2, 3, 1481
Suppose -10*x + 2*x = -3168. Suppose 4*q + x = 2*s, -s + 26*q = 23*q - 199. List the prime factors of s.
2, 7
Let r(f) = -5*f**3 - 4*f**2 - 3*f + 1. Let m be r(-1). Suppose m*y - 38 = 3*i + 8, -y = -3*i - 26. What are the prime factors of (i - -51) + (-1 - -1)?
2, 11
Let u = -6 + 120. Let i = u - 182. What are the prime factors of 1 + 4/(-4) - i?
2, 17
Let z = -30 + 273. Let m = 862 - z. List the prime factors of m.
619
Suppose 0 = 9*s - 3223 - 2609. Let b = s + -437. List the prime factors of b.
211
Let i(q) = -3 + 419*q**2 - 24*q + 22*q + 53*q**2. Let p be i(-1). What are the prime factors of p/6 + 10/4?
3
Let v(l) = 7*l**2 - 18*l - 9. Let n be v(-6). Let o = -246 + n. List the prime factors of o.
3, 5, 7
Let s(o) = o**2 - 4*o + 26. Let k = 83 + -83. Suppose k = -3*i + 2 + 34. List the prime factors of s(i).
2, 61
Let m = -193 + 190. Let y(v) = -12*v**3 + 3*v + 8. List the prime factors of y(m).
17, 19
Let v(r) = 7*r - 8. Let f be v(7). Let l = f - 35. Let n(q) = 15*q + 8. List the prime factors of n(l).
2, 7
Let i be (-2)/((29/30)/(-1) + 1). List the prime factors of (9/4)/(i/(-8960)).
2, 3, 7
Suppose -125673 - 1883 = -22*t. What are the prime factors of t?
2, 13, 223
Suppose 0 = -5*j - 4*j + 27. Let l(p) = 4*p**2 + 12 + p**j - 4*p + 2*p - 8*p. What are the prime factors of l(-5)?
37
Let o be (5 + -1 + -19)/(-3). Suppose -b + 2*b + 17 = 0. List the prime factors of 744/o*1 - b/85.
149
Suppose 2*g = 4*m + 4160, 2*g - 26*m - 4156 = -23*m. Suppose 5*r = -4*u + 2444, -r = 4*u - g - 356. What are the prime factors of u?
2, 3, 101
Suppose 47070 = 2*r - 2*a, a - 50629 = 6*r - 191819. List the prime factors of r.
23531
Let y(s) = -7481*s - 369. What are the prime factors of y(-2)?
14593
Let j = 128 - 196. Let v be 6/((2/j)/((-9)/(-36))). Let x = 70 + v. List the prime factors of x.
19
Let j = 3551 + -5644. Let t = -1073 - j. List the prime factors of t.
2, 3, 5, 17
Suppose 5*n - 52674 = 14*n - 272751. List the prime factors of n.
3, 11, 13, 19
Suppose 45697 = 19*a - 24301 - 17003. List the prime factor